{"id":51,"date":"2021-11-24T15:37:13","date_gmt":"2021-11-24T15:37:13","guid":{"rendered":"https:\/\/161.111.70.221\/?page_id=51"},"modified":"2025-06-04T20:11:55","modified_gmt":"2025-06-04T20:11:55","slug":"about","status":"publish","type":"page","link":"https:\/\/model3dbio.csic.es\/?page_id=51","title":{"rendered":"\ud83d\udcda Selected Publications   (Last 5 Years)"},"content":{"rendered":"<ol>\n<li><b>Jim\u00e9nez-Panizo, A., et al.<\/b> (2022). <i>The multivalency of the glucocorticoid receptor ligand-binding domain explains its manifold physiological activities.<\/i> <b>Nucleic Acids Research<\/b> 50, 13063\u201313082.<\/li>\n<li><b>Rodr\u00edguez-Lumbreras, L. A., Jim\u00e9nez-Garc\u00eda, B., Gim\u00e9nez-Santamarina, S., Fern\u00e1ndez-Recio, J.<\/b> (2022). <i>pyDockDNA: A new web server for energy-based protein-DNA docking and scoring.<\/i> <b>Frontiers in Molecular Biosciences<\/b>, 9:988996.<\/li>\n<li><b>Landras, A., et al.<\/b> (2022). <i>Novel treatment strategy for NRAS-mutated melanoma through a selective inhibitor of CD147\/VEGFR-2 interaction.<\/i> <b>Oncogene<\/b> 41, 2254\u20132264.<\/li>\n<li><b>Castell, C., et al.<\/b> (2021). <i>New Insights Into the Evolution of the Electron Transfer from Cytochrome f to Photosystem I in the Green and Red Branches of Photosynthetic Eukaryotes.<\/i> <b>Plant Cell Physiology<\/b> 63, 1082\u20131093.<\/li>\n<li><b>Fern\u00e1ndez-Recio, J.<\/b> (2020). <i>Modelling the Evolution of COVID-19 in High-Incidence European Countries and Regions.<\/i> <b>Journal of Clinical Medicine<\/b> 9, 1825.<\/li>\n<li><b>Rosell, M., Fern\u00e1ndez-Recio, J.<\/b> (2020). <i>Docking approaches for modeling multi-molecular assemblies.<\/i> <b>Current Opinion in Structural Biology<\/b> 64, 59\u201365.<\/li>\n<li><b>Errasti-Murugarren, E., et al.<\/b> (2019). <i>L-amino acid transporter structure and molecular bases for the asymmetry of substrate interaction.<\/i> <b>Nature Communications<\/b> 10, 1807.<\/li>\n<li><b>Jankauskait\u0117, J., et al.<\/b> (2019). <i>SKEMPI 2.0: An updated benchmark of changes in protein-protein binding energy, kinetics and thermodynamics upon mutation.<\/i> <b>Bioinformatics<\/b> 35, 462\u2013469.<\/li>\n<li><b>Rosell, M., Fern\u00e1ndez-Recio, J.<\/b> (2018). <i>Hot-spot analysis for drug discovery targeting protein-protein interactions.<\/i> <b>Expert Opinion on Drug Discovery<\/b> 13, 327\u2013338.<\/li>\n<li><b>Jim\u00e9nez-Garc\u00eda, B., et al.<\/b> (2018). <i>LightDock: A new multi-scale approach to protein-protein docking.<\/i> <b>Bioinformatics<\/b> 34, 49\u201355.<\/li>\n<\/ol>\n<blockquote><p>For a complete list of publications, see:<br \/>\n<a href=\"https:\/\/orcid.org\/0000-0002-3986-7686\" target=\"_blank\" rel=\"noopener\">J. Fern\u00e1ndez-Recio&#8217;s ORCID<\/a><br \/>\n<a href=\"https:\/\/scholar.google.es\/citations?user=p7uqDecAAAAJ&amp;hl=en&amp;oi=ao\" target=\"_blank\" rel=\"noopener\">Google Scholar<\/a><br \/>\n<a href=\"https:\/\/www.ncbi.nlm.nih.gov\/pubmed\/?term=Fernandez-Recio+J%5BAuthor%5D\" target=\"_blank\" rel=\"noopener\">PubMed<\/a><br \/>\n<a href=\"https:\/\/www.scopus.com\/authid\/detail.uri?authorId=55909661300\" target=\"_blank\" rel=\"noopener\">Scopus<\/a><\/p><\/blockquote>\n<hr \/>\n","protected":false},"excerpt":{"rendered":"<p>Jim\u00e9nez-Panizo, A., et al. (2022). The multivalency of the glucocorticoid receptor ligand-binding domain explains its manifold physiological activities. Nucleic Acids Research 50, 13063\u201313082. Rodr\u00edguez-Lumbreras, L. A., Jim\u00e9nez-Garc\u00eda, B., Gim\u00e9nez-Santamarina, S., Fern\u00e1ndez-Recio, J. (2022). pyDockDNA: A new web server for energy-based protein-DNA docking and scoring. Frontiers in Molecular Biosciences, 9:988996. Landras, A., et al. (2022). Novel &hellip; <a href=\"https:\/\/model3dbio.csic.es\/?page_id=51\" class=\"more-link\">Continue reading <span class=\"screen-reader-text\">\ud83d\udcda Selected Publications   (Last 5 Years)<\/span> <span class=\"meta-nav\">&rarr;<\/span><\/a><\/p>\n","protected":false},"author":1,"featured_media":0,"parent":0,"menu_order":0,"comment_status":"closed","ping_status":"closed","template":"","meta":{"footnotes":""},"class_list":["post-51","page","type-page","status-publish","hentry"],"_links":{"self":[{"href":"https:\/\/model3dbio.csic.es\/index.php?rest_route=\/wp\/v2\/pages\/51","targetHints":{"allow":["GET"]}}],"collection":[{"href":"https:\/\/model3dbio.csic.es\/index.php?rest_route=\/wp\/v2\/pages"}],"about":[{"href":"https:\/\/model3dbio.csic.es\/index.php?rest_route=\/wp\/v2\/types\/page"}],"author":[{"embeddable":true,"href":"https:\/\/model3dbio.csic.es\/index.php?rest_route=\/wp\/v2\/users\/1"}],"replies":[{"embeddable":true,"href":"https:\/\/model3dbio.csic.es\/index.php?rest_route=%2Fwp%2Fv2%2Fcomments&post=51"}],"version-history":[{"count":7,"href":"https:\/\/model3dbio.csic.es\/index.php?rest_route=\/wp\/v2\/pages\/51\/revisions"}],"predecessor-version":[{"id":179,"href":"https:\/\/model3dbio.csic.es\/index.php?rest_route=\/wp\/v2\/pages\/51\/revisions\/179"}],"wp:attachment":[{"href":"https:\/\/model3dbio.csic.es\/index.php?rest_route=%2Fwp%2Fv2%2Fmedia&parent=51"}],"curies":[{"name":"wp","href":"https:\/\/api.w.org\/{rel}","templated":true}]}}